s divided by 31?
17
Calculate the remainder when 9373 is divided by 1334.
35
Calculate the remainder when 7840 is divided by 3916.
8
What is the remainder when 2330795 is divided by 268?
267
What is the remainder when 1404345 is divided by 1404342?
3
What is the remainder when 22196 is divided by 290?
156
What is the remainder when 8608 is divided by 706?
136
Calculate the remainder when 2659 is divided by 2582.
77
What is the remainder when 486574 is divided by 327?
325
What is the remainder when 6164 is divided by 898?
776
Calculate the remainder when 1738 is divided by 713.
312
Calculate the remainder when 23508 is divided by 23480.
28
What is the remainder when 157679 is divided by 10?
9
What is the remainder when 12689 is divided by 1161?
1079
What is the remainder when 14160 is divided by 88?
80
What is the remainder when 50649 is divided by 222?
33
What is the remainder when 10754 is divided by 53?
48
What is the remainder when 10386 is divided by 346?
6
What is the remainder when 137885 is divided by 5995?
0
What is the remainder when 1425 is divided by 230?
45
What is the remainder when 25265 is divided by 12624?
17
What is the remainder when 230157 is divided by 336?
333
What is the remainder when 46745 is divided by 1016?
9
What is the remainder when 213321 is divided by 42663?
6
Calculate the remainder when 394 is divided by 98.
2
What is the remainder when 460 is divided by 73?
22
What is the remainder when 34498 is divided by 69?
67
Calculate the remainder when 468590 is divided by 109.
108
Calculate the remainder when 24014 is divided by 152.
150
Calculate the remainder when 1669342 is divided by 130.
12
Calculate the remainder when 8270 is divided by 7.
3
What is the remainder when 114394 is divided by 2488?
2434
What is the remainder when 22571 is divided by 11205?
161
What is the remainder when 104362 is divided by 9?
7
What is the remainder when 6358 is divided by 417?
103
Calculate the remainder when 825 is divided by 257.
54
What is the remainder when 4073 is divided by 360?
113
What is the remainder when 402991 is divided by 178?
177
Calculate the remainder when 175775 is divided by 48.
47
What is the remainder when 1501 is divided by 40?
21
Calculate the remainder when 15041 is divided by 225.
191
What is the remainder when 5258 is divided by 2607?
44
Calculate the remainder when 20140 is divided by 27.
25
Calculate the remainder when 1651 is divided by 1264.
387
What is the remainder when 19706 is divided by 299?
271
What is the remainder when 280261 is divided by 68?
33
What is the remainder when 84161 is divided by 47?
31
What is the remainder when 18457 is divided by 1318?
5
What is the remainder when 2605 is divided by 495?
130
Calculate the remainder when 18186 is divided by 237.
174
What is the remainder when 143362 is divided by 13?
11
Calculate the remainder when 273869 is divided by 91287.
8
Calculate the remainder when 55042 is divided by 169.
117
Calculate the remainder when 10909 is divided by 10891.
18
Calculate the remainder when 14797 is divided by 4928.
13
Calculate the remainder when 281647 is divided by 619.
2
What is the remainder when 76782 is divided by 11?
2
What is the remainder when 4806 is divided by 527?
63
What is the remainder when 65075 is divided by 419?
130
What is the remainder when 9693 is divided by 2?
1
What is the remainder when 788791 is divided by 14?
3
What is the remainder when 263 is divided by 44?
43
What is the remainder when 25568 is divided by 180?
8
Calculate the remainder when 68150 is divided by 295.
5
What is the remainder when 8134 is divided by 1010?
54
Calculate the remainder when 14168 is divided by 1006.
84
Calculate the remainder when 16137 is divided by 949.
4
What is the remainder when 853 is divided by 487?
366
Calculate the remainder when 49519 is divided by 1303.
5
What is the remainder when 40259 is divided by 13?
11
Calculate the remainder when 825822 is divided by 16.
14
Calculate the remainder when 9090 is divided by 20.
10
Calculate the remainder when 10777 is divided by 99.
85
Calculate the remainder when 6646 is divided by 128.
118
What is the remainder when 443653 is divided by 45?
43
Calculate the remainder when 4372 is divided by 70.
32
What is the remainder when 15695 is divided by 98?
15
Calculate the remainder when 2661 is divided by 148.
145
What is the remainder when 767912 is divided by 1824?
8
Calculate the remainder when 118504 is divided by 10.
4
What is the remainder when 11896 is divided by 253?
5
What is the remainder when 32946 is divided by 26?
4
What is the remainder when 5614289 is divided by 954?
953
Calculate the remainder when 530998 is divided by 23.
20
Calculate the remainder when 9362 is divided by 2340.
2
Calculate the remainder when 16932 is divided by 30.
12
What is the remainder when 5306111 is divided by 441?
440
What is the remainder when 8773 is divided by 209?
204
What is the remainder when 14587 is divided by 729?
7
Calculate the remainder when 1964 is divided by 1893.
71
What is the remainder when 780853 is divided by 18?
13
Calculate the remainder when 102495 is divided by 820.
815
What is the remainder when 4334 is divided by 864?
14
What is the remainder when 25575 is divided by 38?
1
What is the remainder when 43310 is divided by 88?
14
Calculate the remainder when 8746 is divided by 8689.
57
What is the remainder when 1114 is divided by 325?
139
What is the remainder when 14111 is divided by 98?
97
Calculate the remainder when 1709828 is divided by 171.
170
What is the remainder when 2436 is divided by 435?
261
What is the remainder when 22434 is divided by 267?
6
Calculate the remainder when 245237 is divided by 989.
954
Calculate the remainder when 3179 is divided by 402.
365
What is the remainder when 726904 is divided by 1011?
1006
What is the remainder when 7203 is divided by 1504?
1187
Calculate the remainder when 1179403 is divided by 43.
42
What is the remainder when 3433 is divided by 953?
574
What is the remainder when 52969 is divided by 125?
94
What is the remainder when 73970 is divided by 344?
10
Calculate the remainder when 120021 is divided by 1905.
6
Calculate the remainder when 107867 is divided by 401.
399
Calculate the remainder when 12842 is divided by 36.
26
What is the remainder when 5827 is divided by 225?
202
Calculate the remainder when 128062 is divided by 8.
6
Calculate the remainder when 422281 is divided by 26.
15
What is the remainder when 7846 is divided by 136?
94
What is the remainder when 35713 is divided by 11383?
1564
Calculate the remainder when 108729 is divided by 36239.
12
What is the remainder when 2479 is divided by 822?
13
Calculate the remainder when 18364 is divided by 2294.
12
Calculate the remainder when 15587 is divided by 623.
12
What is the remainder when 36577 is divided by 892?
5
Calculate the remainder when 123551 is divided by 88.
87
Calculate the remainder when 66785 is divided by 369.
365
What is the remainder when 8844 is divided by 4116?
612
Calculate the remainder when 81280 is divided by 16243.
65
What is the remainder when 579875 is divided by 22?
21
Calculate the remainder when 1296272 is divided by 115.
107
Calculate the remainder when 26415 is divided by 78.
51
Calculate the remainder when 689660 is divided by 13.
10
What is the remainder when 151848 is divided by 812?
4
What is the remainder when 5964 is divided by 5952?
12
Calculate the remainder when 46798 is divided by 188.
174
Calculate the remainder when 124653 is divided by 41542.
27
What is the remainder when 5651 is divided by 2441?
769
Calculate the remainder when 35347 is divided by 562.
503
Calculate the remainder when 4826 is divided by 21.
17
What is the remainder when 2142044 is divided by 645?
644
Calculate the remainder when 3920 is divided by 49.
0
Calculate the remainder when 28687 is divided by 718.
685
Calculate the remainder when 1482 is divided by 1477.
5
Calculate the remainder when 1530 is divided by 723.
84
Calculate the remainder when 25274 is divided by 25164.
110
Calculate the remainder when 2600 is divided by 866.
2
Calculate the remainder when 26670 is divided by 6332.
1342
Calculate the remainder when 15063 is divided by 573.
165
Calculate the remainder when 3966 i